{"id":2202,"date":"2021-04-06T19:10:28","date_gmt":"2021-04-06T22:10:28","guid":{"rendered":"https:\/\/insquitilipi-cha.infd.edu.ar\/sitio\/?page_id=2202"},"modified":"2021-11-30T20:23:02","modified_gmt":"2021-11-30T23:23:02","slug":"mural-y-arte-publico","status":"publish","type":"page","link":"https:\/\/insquitilipi-cha.infd.edu.ar\/sitio\/mural-y-arte-publico\/","title":{"rendered":"MURAL Y ARTE P\u00daBLICO"},"content":{"rendered":"<h2 style=\"text-align: center;\"><span style=\"color: #ff6600;\">MURAL 109 A\u00d1OS DE QUITILIPI<\/span><\/h2>\n<h2><img decoding=\"async\" loading=\"lazy\" class=\"alignnone size-medium wp-image-2528\" src=\"https:\/\/insquitilipi-cha.infd.edu.ar\/sitio\/wp-content\/uploads\/2021\/11\/Mural-1-1000x750.jpeg\" alt=\"\" width=\"1000\" height=\"750\" srcset=\"https:\/\/insquitilipi-cha.infd.edu.ar\/sitio\/wp-content\/uploads\/2021\/11\/Mural-1-1000x750.jpeg 1000w, https:\/\/insquitilipi-cha.infd.edu.ar\/sitio\/wp-content\/uploads\/2021\/11\/Mural-1-768x576.jpeg 768w, https:\/\/insquitilipi-cha.infd.edu.ar\/sitio\/wp-content\/uploads\/2021\/11\/Mural-1.jpeg 1280w\" sizes=\"(max-width: 1000px) 100vw, 1000px\" \/> <img decoding=\"async\" loading=\"lazy\" class=\"alignnone size-medium wp-image-2529\" src=\"https:\/\/insquitilipi-cha.infd.edu.ar\/sitio\/wp-content\/uploads\/2021\/11\/Mural-2-1000x562.jpeg\" alt=\"\" width=\"1000\" height=\"562\" srcset=\"https:\/\/insquitilipi-cha.infd.edu.ar\/sitio\/wp-content\/uploads\/2021\/11\/Mural-2-1000x562.jpeg 1000w, https:\/\/insquitilipi-cha.infd.edu.ar\/sitio\/wp-content\/uploads\/2021\/11\/Mural-2-768x432.jpeg 768w, https:\/\/insquitilipi-cha.infd.edu.ar\/sitio\/wp-content\/uploads\/2021\/11\/Mural-2-1536x864.jpeg 1536w, https:\/\/insquitilipi-cha.infd.edu.ar\/sitio\/wp-content\/uploads\/2021\/11\/Mural-2.jpeg 1599w\" sizes=\"(max-width: 1000px) 100vw, 1000px\" \/> <img decoding=\"async\" loading=\"lazy\" class=\"alignnone size-medium wp-image-2530\" src=\"https:\/\/insquitilipi-cha.infd.edu.ar\/sitio\/wp-content\/uploads\/2021\/11\/Mural-3-1000x748.jpeg\" alt=\"\" width=\"1000\" height=\"748\" srcset=\"https:\/\/insquitilipi-cha.infd.edu.ar\/sitio\/wp-content\/uploads\/2021\/11\/Mural-3-1000x748.jpeg 1000w, https:\/\/insquitilipi-cha.infd.edu.ar\/sitio\/wp-content\/uploads\/2021\/11\/Mural-3-768x575.jpeg 768w, https:\/\/insquitilipi-cha.infd.edu.ar\/sitio\/wp-content\/uploads\/2021\/11\/Mural-3.jpeg 1160w\" sizes=\"(max-width: 1000px) 100vw, 1000px\" \/> <img decoding=\"async\" loading=\"lazy\" class=\"alignnone size-medium wp-image-2531\" src=\"https:\/\/insquitilipi-cha.infd.edu.ar\/sitio\/wp-content\/uploads\/2021\/11\/Mural-4-562x1000.jpeg\" alt=\"\" width=\"562\" height=\"1000\" srcset=\"https:\/\/insquitilipi-cha.infd.edu.ar\/sitio\/wp-content\/uploads\/2021\/11\/Mural-4-562x1000.jpeg 562w, https:\/\/insquitilipi-cha.infd.edu.ar\/sitio\/wp-content\/uploads\/2021\/11\/Mural-4-768x1366.jpeg 768w, https:\/\/insquitilipi-cha.infd.edu.ar\/sitio\/wp-content\/uploads\/2021\/11\/Mural-4-864x1536.jpeg 864w, https:\/\/insquitilipi-cha.infd.edu.ar\/sitio\/wp-content\/uploads\/2021\/11\/Mural-4.jpeg 899w\" sizes=\"(max-width: 562px) 100vw, 562px\" \/><\/h2>\n<h2><img decoding=\"async\" loading=\"lazy\" class=\"alignnone size-medium wp-image-2532\" src=\"https:\/\/insquitilipi-cha.infd.edu.ar\/sitio\/wp-content\/uploads\/2021\/11\/Mural-5-750x1000.jpeg\" alt=\"\" width=\"750\" height=\"1000\" srcset=\"https:\/\/insquitilipi-cha.infd.edu.ar\/sitio\/wp-content\/uploads\/2021\/11\/Mural-5-750x1000.jpeg 750w, https:\/\/insquitilipi-cha.infd.edu.ar\/sitio\/wp-content\/uploads\/2021\/11\/Mural-5-768x1024.jpeg 768w, https:\/\/insquitilipi-cha.infd.edu.ar\/sitio\/wp-content\/uploads\/2021\/11\/Mural-5-1152x1536.jpeg 1152w, https:\/\/insquitilipi-cha.infd.edu.ar\/sitio\/wp-content\/uploads\/2021\/11\/Mural-5.jpeg 1200w\" sizes=\"(max-width: 750px) 100vw, 750px\" \/><\/h2>\n<hr \/>\n<h2 style=\"text-align: center;\"><span style=\"color: #ff00ff;\">MURAL Y ARTE P\u00daBLICO: DIRIGIDO AL PERSONAL DE SALUD<\/span><\/h2>\n<h5><span style=\"color: #000080;\">Un grupo de estudiantes del Profesorado de Artes Visuales pertenecientes al Instituto \u00abJuan Jos\u00e9 Gualberto Pisarello\u00bb pintaron un mural en el Hospital de Quitilipi-Chaco \u00abDoctor Emilio Rodr\u00edguez\u00bb.<\/span><\/h5>\n<h5><span style=\"color: #000080;\">La idea y tem\u00e1tica surgi\u00f3 en la c\u00e1tedra: \u00abMural y Arte p\u00fablico\u00bb dictada por la Profesora Hoferek Carolina, quien propuso la creaci\u00f3n de un mural dirigido al personal de salud, en agradecimiento a su esfuerzo y labor tras haberse cumplido un a\u00f1o de la pandemia que azota a todo el mundo.<\/span><\/h5>\n<h5><span style=\"color: #000080;\">Mediante una serie de bocetos presentados por el grupo de alumnas de la c\u00e1tedra, fue Mart\u00ednez Karen quien logr\u00f3 capturar una idea global para ser plasmada en el extenso lienzo.<\/span><\/h5>\n<h5><span style=\"color: #000080;\">La docente, luego de realizar los pedidos formales correspondientes logr\u00f3 que la Instituci\u00f3n le otorgase una pared posterior a la entrada del Hospital, la cual tambi\u00e9n se puede visualizar desde el Acceso Almirante Brown. Cabe aclarar que los mismos se mostraron receptivos y muy entusiasmados por dicho proyecto.<\/span><\/h5>\n<h5><span style=\"color: #000080;\">El proceso tuvo lugar en el per\u00edodo de 3(tres) d\u00edas, trabajando por la ma\u00f1ana, tarde y noche.<\/span><\/h5>\n<h5><span style=\"color: #000080;\">Luego de un arduo proceso de ajustes se logr\u00f3 concluir con la obra y fue presentada ante los transe\u00fantes, personal y Director del Hospital quienes agradecieron tan hermoso gesto.<\/span><\/h5>\n<h5><span style=\"color: #000080;\">Las estudiantes que pintaron el mural fueron: Mill\u00e1n Patricia, G\u00f3mez Malena, G\u00f3mez Soledad, Paz Z\u00e1rate Marlene, Ruiz Natalia, Mart\u00ednez Karen, Quiroz Daiana, Rodr\u00edguez Sandra y Romero Rut.<\/span><\/h5>\n<p><img decoding=\"async\" loading=\"lazy\" class=\"alignnone size-medium wp-image-2206\" src=\"https:\/\/insquitilipi-cha.infd.edu.ar\/sitio\/wp-content\/uploads\/2021\/04\/Mural-Hoferek-1000x750.jpeg\" alt=\"\" width=\"1000\" height=\"750\" srcset=\"https:\/\/insquitilipi-cha.infd.edu.ar\/sitio\/wp-content\/uploads\/2021\/04\/Mural-Hoferek-1000x750.jpeg 1000w, https:\/\/insquitilipi-cha.infd.edu.ar\/sitio\/wp-content\/uploads\/2021\/04\/Mural-Hoferek-768x576.jpeg 768w, https:\/\/insquitilipi-cha.infd.edu.ar\/sitio\/wp-content\/uploads\/2021\/04\/Mural-Hoferek.jpeg 1280w\" sizes=\"(max-width: 1000px) 100vw, 1000px\" \/><\/p>\n","protected":false},"excerpt":{"rendered":"<p>MURAL 109 A\u00d1OS DE QUITILIPI MURAL Y ARTE P\u00daBLICO: DIRIGIDO AL PERSONAL DE SALUD Un grupo de estudiantes del Profesorado de Artes Visuales pertenecientes al Instituto \u00abJuan Jos\u00e9 Gualberto Pisarello\u00bb pintaron un mural en el Hospital de Quitilipi-Chaco \u00abDoctor Emilio Rodr\u00edguez\u00bb. La idea y tem\u00e1tica surgi\u00f3 en la c\u00e1tedra: \u00abMural y Arte p\u00fablico\u00bb dictada por &#8230; <a title=\"MURAL Y ARTE P\u00daBLICO\" class=\"read-more\" href=\"https:\/\/insquitilipi-cha.infd.edu.ar\/sitio\/mural-y-arte-publico\/\" aria-label=\"More on MURAL Y ARTE P\u00daBLICO\">[+]<\/a><\/p>\n","protected":false},"author":921,"featured_media":0,"parent":0,"menu_order":0,"comment_status":"closed","ping_status":"closed","template":"","meta":[],"acf":[],"_links":{"self":[{"href":"https:\/\/insquitilipi-cha.infd.edu.ar\/sitio\/wp-json\/wp\/v2\/pages\/2202"}],"collection":[{"href":"https:\/\/insquitilipi-cha.infd.edu.ar\/sitio\/wp-json\/wp\/v2\/pages"}],"about":[{"href":"https:\/\/insquitilipi-cha.infd.edu.ar\/sitio\/wp-json\/wp\/v2\/types\/page"}],"author":[{"embeddable":true,"href":"https:\/\/insquitilipi-cha.infd.edu.ar\/sitio\/wp-json\/wp\/v2\/users\/921"}],"replies":[{"embeddable":true,"href":"https:\/\/insquitilipi-cha.infd.edu.ar\/sitio\/wp-json\/wp\/v2\/comments?post=2202"}],"version-history":[{"count":4,"href":"https:\/\/insquitilipi-cha.infd.edu.ar\/sitio\/wp-json\/wp\/v2\/pages\/2202\/revisions"}],"predecessor-version":[{"id":2533,"href":"https:\/\/insquitilipi-cha.infd.edu.ar\/sitio\/wp-json\/wp\/v2\/pages\/2202\/revisions\/2533"}],"wp:attachment":[{"href":"https:\/\/insquitilipi-cha.infd.edu.ar\/sitio\/wp-json\/wp\/v2\/media?parent=2202"}],"curies":[{"name":"wp","href":"https:\/\/api.w.org\/{rel}","templated":true}]}}