{"id":3581,"date":"2024-07-04T21:42:32","date_gmt":"2024-07-05T00:42:32","guid":{"rendered":"https:\/\/insquitilipi-cha.infd.edu.ar\/sitio\/?page_id=3581"},"modified":"2024-07-04T21:42:33","modified_gmt":"2024-07-05T00:42:33","slug":"conversatorio-lengua-y-literatura","status":"publish","type":"page","link":"https:\/\/insquitilipi-cha.infd.edu.ar\/sitio\/conversatorio-lengua-y-literatura\/","title":{"rendered":"CONVERSATORIO LENGUA Y LITERATURA"},"content":{"rendered":"\n<h2 class=\"wp-block-heading has-text-color\" style=\"color:#ca1212\">Conversatorio y Exposici\u00f3n de Trabajos en el IES<\/h2>\n\n\n\n<p class=\"has-contrast-color has-text-color has-medium-font-size\">Anoche, en el Aula 2 del Instituto de Educaci\u00f3n Superior Juan Jos\u00e9 Gualberto Pisarello, se realiz\u00f3 un \u00abConversatorio y exposici\u00f3n de trabajos en el marco\u00bb del espacio curricular Literatura Argentina 1. El evento cont\u00f3 con la presencia especial del Profesor de Historia Mauricio Muro, docente de la instituci\u00f3n, quien escuch\u00f3 atentamente los aportes de los estudiantes de 2do a\u00f1o del Profesorado en Lengua y Literatura para luego interactuar con las y los estudiantes.<\/p>\n\n\n\n<p class=\"has-contrast-color has-text-color has-medium-font-size\">Durante la actividad, se brind\u00f3 informaci\u00f3n nueva y valiosa sobre la historia desde un enfoque revisionista. Se abordaron lecturas y reflexiones de las obras Napalp\u00ed: la Herida Abierta de Mario Vidal y Cr\u00edmenes en Sangre de Pedro Solans. Los estudiantes presentaron una variedad de materiales, incluyendo videos, presentaciones, rotafolios, maquetas, ensayos cr\u00edticos y poes\u00edas de su propia autor\u00eda.<\/p>\n\n\n\n<p class=\"has-contrast-color has-text-color has-medium-font-size\">Estas producciones conmemoraron el Centenario de la Masacre de Napalp\u00ed, un hecho muy sensible para el pueblo chaque\u00f1o, destacando la importancia de la memoria hist\u00f3rica y el compromiso con la verdad y la justicia.<\/p>\n\n\n\n<p><\/p>\n\n\n\n<figure class=\"wp-block-image size-full is-resized\"><img decoding=\"async\" loading=\"lazy\" src=\"https:\/\/insquitilipi-cha.infd.edu.ar\/sitio\/wp-content\/uploads\/2024\/07\/1.jpeg\" alt=\"\" class=\"wp-image-3582\" width=\"1020\" height=\"573\" srcset=\"https:\/\/insquitilipi-cha.infd.edu.ar\/sitio\/wp-content\/uploads\/2024\/07\/1.jpeg 1280w, https:\/\/insquitilipi-cha.infd.edu.ar\/sitio\/wp-content\/uploads\/2024\/07\/1-1000x563.jpeg 1000w, https:\/\/insquitilipi-cha.infd.edu.ar\/sitio\/wp-content\/uploads\/2024\/07\/1-768x432.jpeg 768w\" sizes=\"(max-width: 1020px) 100vw, 1020px\" \/><\/figure>\n\n\n\n<figure class=\"wp-block-image size-full\"><img decoding=\"async\" loading=\"lazy\" width=\"1057\" height=\"1600\" src=\"https:\/\/insquitilipi-cha.infd.edu.ar\/sitio\/wp-content\/uploads\/2024\/07\/2.jpeg\" alt=\"\" class=\"wp-image-3583\" srcset=\"https:\/\/insquitilipi-cha.infd.edu.ar\/sitio\/wp-content\/uploads\/2024\/07\/2.jpeg 1057w, https:\/\/insquitilipi-cha.infd.edu.ar\/sitio\/wp-content\/uploads\/2024\/07\/2-661x1000.jpeg 661w, https:\/\/insquitilipi-cha.infd.edu.ar\/sitio\/wp-content\/uploads\/2024\/07\/2-768x1163.jpeg 768w, https:\/\/insquitilipi-cha.infd.edu.ar\/sitio\/wp-content\/uploads\/2024\/07\/2-1015x1536.jpeg 1015w\" sizes=\"(max-width: 1057px) 100vw, 1057px\" \/><\/figure>\n","protected":false},"excerpt":{"rendered":"<p>Conversatorio y Exposici\u00f3n de Trabajos en el IES Anoche, en el Aula 2 del Instituto de Educaci\u00f3n Superior Juan Jos\u00e9 Gualberto Pisarello, se realiz\u00f3 un \u00abConversatorio y exposici\u00f3n de trabajos en el marco\u00bb del espacio curricular Literatura Argentina 1. El evento cont\u00f3 con la presencia especial del Profesor de Historia Mauricio Muro, docente de la &#8230; <a title=\"CONVERSATORIO LENGUA Y LITERATURA\" class=\"read-more\" href=\"https:\/\/insquitilipi-cha.infd.edu.ar\/sitio\/conversatorio-lengua-y-literatura\/\" aria-label=\"More on CONVERSATORIO LENGUA Y LITERATURA\">[+]<\/a><\/p>\n","protected":false},"author":921,"featured_media":0,"parent":0,"menu_order":0,"comment_status":"closed","ping_status":"closed","template":"","meta":[],"acf":[],"_links":{"self":[{"href":"https:\/\/insquitilipi-cha.infd.edu.ar\/sitio\/wp-json\/wp\/v2\/pages\/3581"}],"collection":[{"href":"https:\/\/insquitilipi-cha.infd.edu.ar\/sitio\/wp-json\/wp\/v2\/pages"}],"about":[{"href":"https:\/\/insquitilipi-cha.infd.edu.ar\/sitio\/wp-json\/wp\/v2\/types\/page"}],"author":[{"embeddable":true,"href":"https:\/\/insquitilipi-cha.infd.edu.ar\/sitio\/wp-json\/wp\/v2\/users\/921"}],"replies":[{"embeddable":true,"href":"https:\/\/insquitilipi-cha.infd.edu.ar\/sitio\/wp-json\/wp\/v2\/comments?post=3581"}],"version-history":[{"count":1,"href":"https:\/\/insquitilipi-cha.infd.edu.ar\/sitio\/wp-json\/wp\/v2\/pages\/3581\/revisions"}],"predecessor-version":[{"id":3585,"href":"https:\/\/insquitilipi-cha.infd.edu.ar\/sitio\/wp-json\/wp\/v2\/pages\/3581\/revisions\/3585"}],"wp:attachment":[{"href":"https:\/\/insquitilipi-cha.infd.edu.ar\/sitio\/wp-json\/wp\/v2\/media?parent=3581"}],"curies":[{"name":"wp","href":"https:\/\/api.w.org\/{rel}","templated":true}]}}