{"id":883,"date":"2018-08-30T12:52:49","date_gmt":"2018-08-30T15:52:49","guid":{"rendered":"https:\/\/insquitilipi-cha.infd.edu.ar\/sitio\/mesas-agosto-2018\/"},"modified":"2026-03-13T07:43:31","modified_gmt":"2026-03-13T10:43:31","slug":"mesas_2026","status":"publish","type":"page","link":"https:\/\/insquitilipi-cha.infd.edu.ar\/sitio\/mesas_2026\/","title":{"rendered":"EX\u00c1MENES 2026"},"content":{"rendered":"<h1 style=\"text-align: center;\"><span style=\"color: #0000ff;\">MESAS DE EXAMEN SEGUNDO TURNO MARZO 2026<\/span><\/h1>\n<p>\u00a0<\/p>\n<p><img decoding=\"async\" loading=\"lazy\" class=\"alignnone  wp-image-4098\" src=\"https:\/\/insquitilipi-cha.infd.edu.ar\/sitio\/wp-content\/uploads\/2026\/03\/Mesas-MARZO-2026B.jpg\" alt=\"\" width=\"685\" height=\"514\" srcset=\"https:\/\/insquitilipi-cha.infd.edu.ar\/sitio\/wp-content\/uploads\/2026\/03\/Mesas-MARZO-2026B.jpg 960w, https:\/\/insquitilipi-cha.infd.edu.ar\/sitio\/wp-content\/uploads\/2026\/03\/Mesas-MARZO-2026B-768x576.jpg 768w\" sizes=\"(max-width: 685px) 100vw, 685px\" \/><\/p>\n<h3><img decoding=\"async\" loading=\"lazy\" class=\"wp-image-2328 alignnone\" src=\"https:\/\/insquitilipi-cha.infd.edu.ar\/sitio\/wp-content\/uploads\/2021\/06\/Flecha-negra.png\" alt=\"\" width=\"92\" height=\"92\" \/> <a href=\"https:\/\/insquitilipi-cha.infd.edu.ar\/sitio\/wp-content\/uploads\/2026\/03\/MESAS-EXAMINADORAS-2do-TURNO-MARZO-2026-M.pdf\" target=\"_blank\" rel=\"noopener\"><span style=\"color: #ff00ff;\"><em><strong>MESAS EXAMINADORAS 2do TURNO MARZO 2026<\/strong><\/em><\/span><\/a><\/h3>\n<h1>\u00a0<\/h1>\n<h1><span style=\"color: #ff0000;\"><strong>\u00a1\u00a1\u00a1 IMPORTANTE !!!<\/strong><\/span><\/h1>\n<p>\u00a0<\/p>\n<h3><span style=\"color: #ff6600;\">LA INSCRIPCI\u00d3N PARA RENDIR EX\u00c1MENES<\/span> del <span style=\"color: #ff0000;\">2do TURNO MARZO <\/span>de 2026 estar\u00e1 habilitada desde <span style=\"color: #ff00ff;\">MARTES 10\/03\/26 a las 19:00 hs.<\/span> hasta el <span style=\"color: #ff00ff;\">JUEVES<\/span> <span style=\"color: #ff00ff;\">12\/03\/26 a las 21:00 hs.<\/span><\/h3>\n<p>\u00a0<\/p>\n<h4><span style=\"color: #339966;\"><em>QUIEN TENGA INCONVENIENTES PARA INSCRIBIRSE ACERCARSE\u00a0URGENTE\u00a0AL IES PISARELLO DE 18:00 a 21:00 hs<\/em><\/span><\/h4>\n<h3>\u00a0<\/h3>\n<p>\u00a0<\/p>\n<h3><img decoding=\"async\" loading=\"lazy\" class=\"wp-image-2328 alignnone\" src=\"https:\/\/insquitilipi-cha.infd.edu.ar\/sitio\/wp-content\/uploads\/2021\/06\/Flecha-negra.png\" alt=\"\" width=\"92\" height=\"92\" \/> <a href=\"https:\/\/insquitilipi-cha.infd.edu.ar\/sitio\/wp-content\/uploads\/2026\/02\/MESAS-EXAMINADORAS-1er-TURNO-MARZO-2026.pdf\" target=\"_blank\" rel=\"noopener\"><span style=\"color: #000000;\">MESAS EXAMINADORAS 1er TURNO MARZO<\/span><span style=\"color: #067a40;\"><span style=\"color: #000000;\"> 2026<\/span><\/span><\/a><\/h3>\n<h1>\u00a0<\/h1>\n<hr \/>\n<h3>\u00a0<\/h3>\n<h3><span style=\"color: #000000;\">LOS\u00a0<\/span><span style=\"color: #008080;\"><strong><span style=\"color: #000000;\">EX\u00c1MENES SER\u00c1N CON<\/span> <span style=\"color: #ff6600;\">MODALIDAD PRESENCIAL. <\/span><\/strong><\/span><\/h3>\n<h3><span style=\"color: #008080;\"><span style=\"color: #000000;\">ES<\/span><strong><span style=\"color: #ff6600;\">\u00a0 <span style=\"color: #ff0000;\">OBLIGATORIO<\/span> <span style=\"color: #000000;\">ASISTIR AL EXAMEN <\/span><\/span><span style=\"color: #008080;\"><span style=\"color: #000000;\">CON<\/span>:<\/span><\/strong><\/span><\/h3>\n<ul>\n<li>\n<h3><span style=\"color: #ff0000;\">DNI<\/span><\/h3>\n<\/li>\n<li>\n<h3><span style=\"color: #ff0000;\">Libreta del estudiante<\/span><\/h3>\n<\/li>\n<li>\n<h3><span style=\"color: #ff0000;\">Uniforme<\/span><\/h3>\n<\/li>\n<\/ul>\n<hr \/>\n<div>\u00a0<\/div>\n<div>\n<h3 style=\"text-align: center;\"><span style=\"color: #a30f0f;\"><strong>HORARIOS DE INICIO<\/strong><\/span><strong><span style=\"color: #a30f0f;\">:<\/span>\u00a0<\/strong><strong>\u00a0\u00a0\u00a0 <span style=\"color: #ff6600;\">7:30 horas (TM) \u2014 18:00 horas (TN)<\/span><\/strong><\/h3>\n<\/div>\n<hr \/>\n<h3><span style=\"color: #0000ff;\">INSCRIPCIONES <span style=\"color: #ff00ff;\">2do Turno<\/span><span style=\"color: #000000;\">\u00a0desde<\/span> 10\/03\/2026 (19:00 hs) <span style=\"color: #000000;\">hasta<\/span> <span style=\"color: #c42929;\">12\/03\/2026 (21:00 hs)<\/span><\/span><\/h3>\n<h3><span style=\"color: #ff6600;\"><span style=\"color: #ff0000;\"><img decoding=\"async\" loading=\"lazy\" class=\"alignnone wp-image-2228\" src=\"https:\/\/insquitilipi-cha.infd.edu.ar\/sitio\/wp-content\/uploads\/2021\/04\/Flecha-anim.gif\" alt=\"\" width=\"145\" height=\"55\" \/><\/span><\/span><span style=\"color: #ff0000;\">\u00a0 <a style=\"color: #ff0000;\" href=\"http:\/\/insup.com.ar\/Pisarello\/alumnos\/\" target=\"_blank\" rel=\"noopener\"><strong><em>INSCRIBIRSE AQU\u00cd<\/em>\u00a0<\/strong><\/a><\/span><\/h3>\n<hr \/>\n<div>\n<h4>\u00a0<\/h4>\n<hr \/><\/div>\n<h5><img decoding=\"async\" loading=\"lazy\" class=\"wp-image-2342 alignleft\" src=\"https:\/\/insquitilipi-cha.infd.edu.ar\/sitio\/wp-content\/uploads\/2021\/06\/Flecha-verde.png\" alt=\"\" width=\"110\" height=\"95\" srcset=\"https:\/\/insquitilipi-cha.infd.edu.ar\/sitio\/wp-content\/uploads\/2021\/06\/Flecha-verde.png 890w, https:\/\/insquitilipi-cha.infd.edu.ar\/sitio\/wp-content\/uploads\/2021\/06\/Flecha-verde-768x663.png 768w\" sizes=\"(max-width: 110px) 100vw, 110px\" \/><\/h5>\n\n\n<p style=\"font-size:30px\"><mark style=\"background-color:rgba(0, 0, 0, 0)\" class=\"has-inline-color has-luminous-vivid-orange-color\"><strong>AQUELLOS  ESTUDIANTES QUE A\u00daN NO TIENEN LIBRETA DEL ESTUDIANTE DEBEN COMUNICARSE CON SU BEDEL LO ANTES POSIBLE<\/strong><\/mark><\/p>\n","protected":false},"excerpt":{"rendered":"<p>MESAS DE EXAMEN SEGUNDO TURNO MARZO 2026 \u00a0 MESAS EXAMINADORAS 2do TURNO MARZO 2026 \u00a0 \u00a1\u00a1\u00a1 IMPORTANTE !!! \u00a0 LA INSCRIPCI\u00d3N PARA RENDIR EX\u00c1MENES del 2do TURNO MARZO de 2026 estar\u00e1 habilitada desde MARTES 10\/03\/26 a las 19:00 hs. hasta el JUEVES 12\/03\/26 a las 21:00 hs. \u00a0 QUIEN TENGA INCONVENIENTES PARA INSCRIBIRSE ACERCARSE\u00a0URGENTE\u00a0AL IES &#8230; <a title=\"EX\u00c1MENES 2026\" class=\"read-more\" href=\"https:\/\/insquitilipi-cha.infd.edu.ar\/sitio\/mesas_2026\/\" aria-label=\"More on EX\u00c1MENES 2026\">[+]<\/a><\/p>\n","protected":false},"author":921,"featured_media":0,"parent":0,"menu_order":0,"comment_status":"closed","ping_status":"closed","template":"","meta":[],"acf":[],"_links":{"self":[{"href":"https:\/\/insquitilipi-cha.infd.edu.ar\/sitio\/wp-json\/wp\/v2\/pages\/883"}],"collection":[{"href":"https:\/\/insquitilipi-cha.infd.edu.ar\/sitio\/wp-json\/wp\/v2\/pages"}],"about":[{"href":"https:\/\/insquitilipi-cha.infd.edu.ar\/sitio\/wp-json\/wp\/v2\/types\/page"}],"author":[{"embeddable":true,"href":"https:\/\/insquitilipi-cha.infd.edu.ar\/sitio\/wp-json\/wp\/v2\/users\/921"}],"replies":[{"embeddable":true,"href":"https:\/\/insquitilipi-cha.infd.edu.ar\/sitio\/wp-json\/wp\/v2\/comments?post=883"}],"version-history":[{"count":264,"href":"https:\/\/insquitilipi-cha.infd.edu.ar\/sitio\/wp-json\/wp\/v2\/pages\/883\/revisions"}],"predecessor-version":[{"id":4122,"href":"https:\/\/insquitilipi-cha.infd.edu.ar\/sitio\/wp-json\/wp\/v2\/pages\/883\/revisions\/4122"}],"wp:attachment":[{"href":"https:\/\/insquitilipi-cha.infd.edu.ar\/sitio\/wp-json\/wp\/v2\/media?parent=883"}],"curies":[{"name":"wp","href":"https:\/\/api.w.org\/{rel}","templated":true}]}}