{"id":939,"date":"2018-08-30T12:53:09","date_gmt":"2018-08-30T15:53:09","guid":{"rendered":"https:\/\/insquitilipi-cha.infd.edu.ar\/sitio\/mejoras\/"},"modified":"2021-11-16T17:54:34","modified_gmt":"2021-11-16T20:54:34","slug":"covid-19","status":"publish","type":"page","link":"https:\/\/insquitilipi-cha.infd.edu.ar\/sitio\/covid-19\/","title":{"rendered":"CLASES Y VIDEOS COVID-19"},"content":{"rendered":"<h1 style=\"text-align: center;\"><span style=\"color: #ff00ff;\">CLASES ESPECIALES 2021<\/span><\/h1>\n<h1><img decoding=\"async\" loading=\"lazy\" class=\"aligncenter size-full wp-image-2502\" src=\"https:\/\/insquitilipi-cha.infd.edu.ar\/sitio\/wp-content\/uploads\/2021\/11\/Clase-Esp-VIRUS-modif.jpg\" alt=\"\" width=\"960\" height=\"720\" srcset=\"https:\/\/insquitilipi-cha.infd.edu.ar\/sitio\/wp-content\/uploads\/2021\/11\/Clase-Esp-VIRUS-modif.jpg 960w, https:\/\/insquitilipi-cha.infd.edu.ar\/sitio\/wp-content\/uploads\/2021\/11\/Clase-Esp-VIRUS-modif-768x576.jpg 768w\" sizes=\"(max-width: 960px) 100vw, 960px\" \/><\/h1>\n<h1 style=\"text-align: center;\"><span style=\"color: #800000;\">PROYECTO CUIDARNOS ENTRE TODOS<\/span><\/h1>\n<h3><span style=\"color: #000080;\">Estudiantes de las diferentes carreas que se dictan en el I. E. S. \u00abJ. J. G. PISARELLO\u00bb, en el marco del Proyecto <span style=\"color: #ff6600;\">\u00abCUIDARNOS ENTRE TODOS\u00bb<\/span> elaboraron <span style=\"color: #ff6600;\">videos<\/span> educativos a fin de crear conciencia respecto de la problem\u00e1tica del <span style=\"color: #ff6600;\">COVID-19.<\/span><\/span><\/h3>\n<h4><span style=\"color: #ff00ff;\"><strong>1. Docente Coordinadora: ALERICH, Eva<\/strong><\/span><\/h4>\n<h5><strong>Unidad Curricular: <\/strong><em>PR\u00c1CTICA DOCENTE III &#8211; PROFESORADO DE EDUCACI\u00d3N PRIMARIA<\/em><\/h5>\n<ul>\n<li>\n<h5><a href=\"https:\/\/drive.google.com\/file\/d\/1sPNQ4rdF_ilZJzEl9rFltgsAAoD77vNm\/view?usp=sharing\" target=\"_blank\" rel=\"noopener\"><span style=\"color: #0000ff;\">Prevenci\u00f3n y Cuidados<\/span><\/a><\/h5>\n<\/li>\n<li>\n<h5><a href=\"https:\/\/drive.google.com\/file\/d\/1UISGWiHsagC0vnvam7HNyOCqiI_ew4ZB\/view?usp=sharing\" target=\"_blank\" rel=\"noopener\"><span style=\"color: #0000ff;\">Consejos COVID<\/span><\/a><\/h5>\n<\/li>\n<li>\n<h5><a href=\"https:\/\/drive.google.com\/file\/d\/1v5KJ8kOFXCRqg_zf-D5d0ZEKgPYS9AVs\/view?usp=sharing\" target=\"_blank\" rel=\"noopener\"><span style=\"color: #0000ff;\">Conviviendo con el COVID-19<\/span><\/a><\/h5>\n<\/li>\n<li>\n<h5><a href=\"https:\/\/drive.google.com\/file\/d\/1i-PDJnzzjxR04bMU8kjPt99g1bLbotvo\/view?usp=sharing\" target=\"_blank\" rel=\"noopener\"><span style=\"color: #0000ff;\">Un helado en tiempos de Pandemia<\/span><\/a><\/h5>\n<\/li>\n<li>\n<h5><a href=\"https:\/\/drive.google.com\/file\/d\/1UiElny0g_dX1o_unspw4HSkAT3FqiGhJ\/view?usp=sharing\" target=\"_blank\" rel=\"noopener\"><span style=\"color: #0000ff;\">Recomendaciones entrada y salida de casa<\/span><\/a><\/h5>\n<\/li>\n<\/ul>\n<h4><span style=\"color: #ff00ff;\"><strong>2. Docente Coordinadora: Aquino, Karina<\/strong><\/span><\/h4>\n<h5><strong>Unidad Curricular: <\/strong><em>PRACTICA DOCENTE III &#8211; PROFESORADO PARA LA EDUCACI\u00d3N SECUNDARIA EN QU\u00cdMICA<\/em><\/h5>\n<ul>\n<li>\n<h5><a href=\"https:\/\/drive.google.com\/file\/d\/1VeKCmgRC_Qws9k4TUfVvhZH3C9GT6YI6\/view?usp=sharing\" target=\"_blank\" rel=\"noopener\"><span style=\"color: #0000ff;\">Lavado de manos<\/span><\/a><\/h5>\n<\/li>\n<li>\n<h5><a href=\"https:\/\/drive.google.com\/file\/d\/1j8zm7WlIAqDzkEkeZOXYx4jQvoqpfsPT\/view?usp=sharing\" target=\"_blank\" rel=\"noopener\"><span style=\"color: #0000ff;\">Stop Coronavirus<\/span><\/a><\/h5>\n<\/li>\n<\/ul>\n<h4><span style=\"color: #ff00ff;\"><strong>3. Docentes Coordinadores: BARRIOS, M\u00f3nica Susana &#8212; Vega, Miguel \u00c1ngel<\/strong><\/span><\/h4>\n<h5><strong>Unidad Curricular: <\/strong><em>RESIDENCIA PEDAG\u00d3GICA \u2013 PROFESORADO PARA LA EDUCACI\u00d3N SECUNDARIA EN LENGUA Y LITERATURA<\/em><\/h5>\n<ul>\n<li>\n<h5><a href=\"https:\/\/drive.google.com\/file\/d\/1DxcOBzenDIOfMpG6WLgKHCoMJa21auC2\/view?usp=sharing\" target=\"_blank\" rel=\"noopener\"><span style=\"color: #0000ff;\">La educaci\u00f3n en tiempo de Pandemias<\/span><\/a><\/h5>\n<\/li>\n<li>\n<h5><a href=\"https:\/\/drive.google.com\/file\/d\/1DHH1RNkXj-gajrTsL1DC9Iv88lH8MGn5\/view?usp=sharing\" target=\"_blank\" rel=\"noopener\"><span style=\"color: #0000ff;\">El grupito de Lengua<\/span><\/a><\/h5>\n<\/li>\n<li>\n<h5><a href=\"https:\/\/drive.google.com\/file\/d\/1h6Hag-pD-0ManOB7J32LPV8dY3yYW80m\/view?usp=sharing\" target=\"_blank\" rel=\"noopener\"><span style=\"color: #0000ff;\">Quitilipi Cerrado<\/span><\/a><\/h5>\n<\/li>\n<li>\n<h5><a href=\"https:\/\/drive.google.com\/file\/d\/1QYhH0o-9GlErZ2AXwpt31u8mNb1RCqxl\/view?usp=sharing\" target=\"_blank\" rel=\"noopener\"><span style=\"color: #0000ff;\">Reaprender a Vivir<\/span><\/a><\/h5>\n<\/li>\n<li>\n<h5><a href=\"https:\/\/drive.google.com\/file\/d\/1Vn2R5Lg5xkdbDZSFWx3RkKmZMqDAyKBq\/view?usp=sharing\" target=\"_blank\" rel=\"noopener\"><span style=\"color: #0000ff;\">Todo cambia<\/span><\/a><\/h5>\n<\/li>\n<li>\n<h5><a href=\"https:\/\/drive.google.com\/file\/d\/1Azf-3UkPDnvunaBNz0-DbQwCJP6ufeO5\/view?usp=sharing\" target=\"_blank\" rel=\"noopener\"><span style=\"color: #0000ff;\">No te detengas<\/span><\/a><\/h5>\n<\/li>\n<\/ul>\n<h4><span style=\"color: #ff00ff;\"><strong>4. Docente Coordinadora: BORDA, Diana Pamela<\/strong><\/span><\/h4>\n<h5><strong>Unidad Curricular: <\/strong><em>PR\u00c1CTICA DOCENTE II &#8211; PROFESORADO DE EDUCACI\u00d3N PRIMARIA<\/em><\/h5>\n<ul>\n<li>\n<h5><a href=\"https:\/\/drive.google.com\/file\/d\/1J0A6lKFkjFjSk2SgOQ6r1tile8jeccP8\/view?usp=sharing\" target=\"_blank\" rel=\"noopener\"><span style=\"color: #0000ff;\">Aglomeraci\u00f3n de personas en espacios p\u00fablicos<\/span><\/a><\/h5>\n<\/li>\n<li>\n<h5><a href=\"https:\/\/drive.google.com\/file\/d\/11-VZew8uHflMRLIYQHejVTjmu85m4ydb\/view?usp=sharing\" target=\"_blank\" rel=\"noopener\"><span style=\"color: #0000ff;\">Fiestas Clandestinas<\/span><\/a><\/h5>\n<\/li>\n<\/ul>\n<h4><span style=\"color: #ff00ff;\"><strong>5. Docente Coordinadora: BORDA, Diana Pamela<\/strong><\/span><\/h4>\n<h5><strong>Unidad Curricular: <\/strong><em>PR\u00c1CTICA DOCENTE II &#8211; PROFESORADO PARA LA EDUCACI\u00d3N SECUNDARIA EN QU\u00cdMICA<\/em><\/h5>\n<ul>\n<li>\n<h5><a href=\"https:\/\/drive.google.com\/file\/d\/1YtKvofEqjWtr3l5KWE2rEF9Bs7p9gOmU\/view?usp=sharing\" target=\"_blank\" rel=\"noopener\"><span style=\"color: #0000ff;\">Efecto de la pandemia en las Instituciones educativas<\/span><\/a><\/h5>\n<\/li>\n<li>\n<h5><a href=\"https:\/\/drive.google.com\/file\/d\/1TTbCc_iEwWkc8pI8Es_uDfFxTppMQLC4\/view?usp=sharing\" target=\"_blank\" rel=\"noopener\"><span style=\"color: #0000ff;\">Aglomeraci\u00f3n de adolescentes y j\u00f3venes en espacios p\u00fablicos<\/span><\/a><\/h5>\n<\/li>\n<\/ul>\n<h4><span style=\"color: #ff00ff;\"><strong>6. Docente Coordinadora: BORDA, Diana Pamela <\/strong><\/span><\/h4>\n<h5><strong>Unidad Curricular: <\/strong><em>PR\u00c1CTICA DOCENTE II &#8211; PROFESORADO DE EDUCACI\u00d3N SUPERIOR EN ARTES VISUALES CON ORIENTACI\u00d3N EN PINTURA<\/em><\/h5>\n<ul>\n<li>\n<h5><a href=\"https:\/\/drive.google.com\/file\/d\/1lQxMN7O83a1JUHd1HstYk-vsm09UI-Of\/view?usp=sharing\" target=\"_blank\" rel=\"noopener\"><span style=\"color: #0000ff;\"><strong>Campa\u00f1a de concientizaci\u00f3n: \u201cEl Covid-19 es real\u201d<\/strong><\/span><\/a><\/h5>\n<\/li>\n<\/ul>\n<h4><span style=\"color: #ff00ff;\"><strong>7. Docente Coordinadora: CRISTALDO, Ver\u00f3nica Noelia<\/strong><\/span><\/h4>\n<h5><strong>Unidad Curricular: <\/strong><em>RESIDENCIA PEDAG\u00d3GICA II &#8211; PROFESORADO DE EDUCACI\u00d3N SUPERIOR EN ARTES VISUALES CON ORIENTACI\u00d3N EN PINTURA<\/em><\/h5>\n<ul>\n<li>\n<h5><a href=\"https:\/\/drive.google.com\/file\/d\/1CyYbNf82AWxLUWxQF88g4MBCHa9OjOyU\/view?usp=sharing\" target=\"_blank\" rel=\"noopener\"><span style=\"color: #0000ff;\"><strong>DistanciARTE<\/strong><\/span><\/a><\/h5>\n<\/li>\n<\/ul>\n<h4><span style=\"color: #ff00ff;\"><strong>8. Docente Coordinadora: FALC\u00d3N, Yolanda Elizabeth<\/strong><\/span><\/h4>\n<h5><strong>Unidad Curricular: <\/strong><em>PR\u00c1CTICA DOCENTE II &#8211; PROFESORADO PARA LA EDUCACI\u00d3N SECUNDARIA EN LENGUA Y LITERATURA<\/em><\/h5>\n<ul>\n<li>\n<h5><a href=\"https:\/\/drive.google.com\/file\/d\/1nOAeLMKOBWZGHAeAuOsJ3JzkPOo9xJik\/view?usp=sharing\" target=\"_blank\" rel=\"noopener\"><span style=\"color: #0000ff;\">Distanciamiento Social<\/span><\/a><\/h5>\n<\/li>\n<li>\n<h5><a href=\"https:\/\/drive.google.com\/file\/d\/1vL-8NIWmg1esDltKBnN9DDdjnlm2Lr3H\/view?usp=sharing\" target=\"_blank\" rel=\"noopener\"><span style=\"color: #0000ff;\">Enfermedad nuevo Coronavirus<\/span><\/a><\/h5>\n<\/li>\n<li>\n<h5><a href=\"https:\/\/drive.google.com\/file\/d\/1QIOTnKXmgiBh-I83EcVUIU2Z1lIQd5ru\/view?usp=sharing\" target=\"_blank\" rel=\"noopener\"><span style=\"color: #0000ff;\">La Pandemia no termin\u00f3<\/span><\/a><\/h5>\n<\/li>\n<li>\n<h5><a href=\"https:\/\/drive.google.com\/file\/d\/1oxMGWYk48qYsGg96r_z9YxbFCgwFFcpg\/view?usp=sharing\" target=\"_blank\" rel=\"noopener\"><span style=\"color: #0000ff;\">Importancia de usar tapabocas<\/span><\/a><\/h5>\n<\/li>\n<li>\n<h5><a href=\"https:\/\/drive.google.com\/file\/d\/1t1hMKC-zPJm43dIJOBdDpWQkIf6G9otf\/view?usp=sharing\" target=\"_blank\" rel=\"noopener\"><span style=\"color: #0000ff;\">Medidas de prevenci\u00f3n<\/span><\/a><\/h5>\n<\/li>\n<\/ul>\n<h4><span style=\"color: #ff00ff;\"><strong>9. Docente Coordinadora: GALEANO, Silvia Teresa del Carmen<\/strong><\/span><\/h4>\n<h5><span style=\"color: #000000;\"><strong>Unidades Curriculares: <\/strong><em>PR\u00c1CTICA DOCENTE II &#8211; PR\u00c1CTICA DOCENTE III &#8211; RESIDENCIA PEDAG\u00d3GICA II &#8211; PROFESORADO DE EDUCACI\u00d3N SUPERIOR EN EDUCACI\u00d3N F\u00cdSICA<\/em><\/span><\/h5>\n<ul>\n<li>\n<h5><a href=\"https:\/\/drive.google.com\/file\/d\/1edNkV0otEgZFw_6uKxcvwsEnNhH6eE0_\/view?usp=sharing\" target=\"_blank\" rel=\"noopener\"><span style=\"color: #0000ff;\">Actividades F\u00edsicas en Pandemia de COVID<\/span><\/a><\/h5>\n<\/li>\n<li>\n<h5><a href=\"https:\/\/drive.google.com\/file\/d\/1MocVbFxKXfsM_H61zoV2is8GcAyL3i5-\/view?usp=sharing\" target=\"_blank\" rel=\"noopener\"><span style=\"color: #0000ff;\">Actividad gimnasio Quitilipi<\/span><\/a><\/h5>\n<\/li>\n<li>\n<h5><a href=\"https:\/\/drive.google.com\/file\/d\/1-mgtbm2oHX_13KoSSfu68nDNr88pcEBV\/view?usp=sharing\" target=\"_blank\" rel=\"noopener\"><span style=\"color: #0000ff;\">Barbijo y desinfecci\u00f3n<\/span><\/a><\/h5>\n<\/li>\n<li>\n<h5><a href=\"https:\/\/drive.google.com\/file\/d\/1Xswsf3aLFZouQpEiK7jT_b2YTCcQFNaA\/view?usp=sharing\" target=\"_blank\" rel=\"noopener\"><span style=\"color: #0000ff;\">Bartolom\u00e9 Mitre<\/span><\/a><\/h5>\n<\/li>\n<li>\n<h5><a href=\"https:\/\/drive.google.com\/file\/d\/1I7rwRdeGdm0yvbJxlt51gkmiVf7au8mZ\/view?usp=sharing\" target=\"_blank\" rel=\"noopener\"><span style=\"color: #0000ff;\">Bioseguridad en Gimnasios<\/span><\/a><\/h5>\n<\/li>\n<li>\n<h5><a href=\"https:\/\/drive.google.com\/file\/d\/1PaugHFXVFVn5FIKwpmki9jIqcUqTs2W5\/view?usp=sharing\" target=\"_blank\" rel=\"noopener\"><span style=\"color: #0000ff;\">Bioseguridad Gigantes<\/span><\/a><\/h5>\n<\/li>\n<li>\n<h5><a href=\"https:\/\/drive.google.com\/file\/d\/1PaugHFXVFVn5FIKwpmki9jIqcUqTs2W5\/view?usp=sharing\" target=\"_blank\" rel=\"noopener\"><span style=\"color: #0000ff;\">COVID y actividad f\u00edsica<\/span><\/a><\/h5>\n<\/li>\n<li>\n<h5><a href=\"https:\/\/drive.google.com\/file\/d\/19NCNe9j8NYB6hh5sPKULMINMrSv1OS8D\/view?usp=sharing\" target=\"_blank\" rel=\"noopener\"><span style=\"color: #0000ff;\">Cuidados actividad f\u00edsica<\/span><\/a><\/h5>\n<\/li>\n<li>\n<h5><a href=\"https:\/\/drive.google.com\/file\/d\/14eWnEQleNeYtgUxCSUBvwcKE2BGSvu0r\/view?usp=sharing\" target=\"_blank\" rel=\"noopener\"><span style=\"color: #0000ff;\">Cuidados \u00e1mbitos deportivos<\/span><\/a><\/h5>\n<\/li>\n<li>\n<h5><a href=\"https:\/\/drive.google.com\/file\/d\/1hqZPvKfh3tIxJmxdJgRtAZ3d_5eGIZJx\/view?usp=sharing\" target=\"_blank\" rel=\"noopener\"><span style=\"color: #0000ff;\">Ejercicio y buena salud<\/span><\/a><\/h5>\n<\/li>\n<li>\n<h5><a href=\"https:\/\/drive.google.com\/file\/d\/1Qr2TYMdl3_oK6sWvUh_1psoElLcNN9aQ\/view?usp=sharing\" target=\"_blank\" rel=\"noopener\"><span style=\"color: #0000ff;\">El d\u00eda en que todo se detuvo<\/span><\/a><\/h5>\n<\/li>\n<li>\n<h5><a href=\"https:\/\/drive.google.com\/file\/d\/1motrP5zvGsZ37abfRkVv-fo_hRDBM9gs\/view?usp=sharing\" target=\"_blank\" rel=\"noopener\"><span style=\"color: #0000ff;\">Gestionar el estr\u00e9s del COVID<\/span><\/a><\/h5>\n<\/li>\n<li>\n<h5><a href=\"https:\/\/drive.google.com\/file\/d\/1aMwKX22YdSy23ZjWQPxDNzAg0nitOeHu\/view?usp=sharing\" target=\"_blank\" rel=\"noopener\"><span style=\"color: #0000ff;\">Gimnasia al aire libre<\/span><\/a><\/h5>\n<\/li>\n<li>\n<h5><a href=\"https:\/\/drive.google.com\/file\/d\/1DH3lOAy_GqbrTPjLYnqCYwOwIWjc3_OD\/view?usp=sharing\" target=\"_blank\" rel=\"noopener\"><span style=\"color: #0000ff;\">Gimnasio en Machagai<\/span><\/a><\/h5>\n<\/li>\n<li>\n<h5><a href=\"https:\/\/drive.google.com\/file\/d\/1LPgNjryssaps2jCe0edIhrn0N2DVw1BF\/view?usp=sharing\" target=\"_blank\" rel=\"noopener\"><span style=\"color: #0000ff;\">Gimnasio en Presidencia de la Plaza<\/span><\/a><\/h5>\n<\/li>\n<li>\n<h5><a href=\"https:\/\/drive.google.com\/file\/d\/1r4EI30DwrWvSVJZmF7I7nCRyA4eSZYXc\/view?usp=sharing\" target=\"_blank\" rel=\"noopener\"><span style=\"color: #0000ff;\">Me llamo Coronavirus<\/span><\/a><\/h5>\n<\/li>\n<li>\n<h5><a href=\"https:\/\/drive.google.com\/file\/d\/1f-xaMywcXnJNPeQ9rwbdjfTgmhXHNntO\/view?usp=sharing\" target=\"_blank\" rel=\"noopener\"><span style=\"color: #0000ff;\">Profesor en Pandemia<\/span><\/a><\/h5>\n<\/li>\n<li>\n<h5><a href=\"https:\/\/drive.google.com\/file\/d\/1oY9lyPK17ahNFEOOfRPjB0oYRsOaC8tr\/view?usp=sharing\" target=\"_blank\" rel=\"noopener\"><span style=\"color: #0000ff;\">Protocolo de bioseguridad<\/span><\/a><\/h5>\n<\/li>\n<li>\n<h5><a href=\"https:\/\/drive.google.com\/file\/d\/1GAD_Rc5vVs5Cps7W8sIDXn2DCkXKqzov\/view?usp=sharing\" target=\"_blank\" rel=\"noopener\"><span style=\"color: #0000ff;\">Protocolo en padel<\/span><\/a><\/h5>\n<\/li>\n<li>\n<h5><a href=\"https:\/\/drive.google.com\/file\/d\/1bxBgRQ8f-GYLiGFh5cIwkTwcktvS4A8n\/view?usp=sharing\" target=\"_blank\" rel=\"noopener\"><span style=\"color: #0000ff;\">Protocolos en Machagai<\/span><\/a><\/h5>\n<\/li>\n<li>\n<h5><a href=\"https:\/\/drive.google.com\/file\/d\/1c6oSHtUibDo3rKyVaGCz9tEldSGR6UJP\/view?usp=sharing\" target=\"_blank\" rel=\"noopener\"><span style=\"color: #0000ff;\">Tips para el Gimnasio<\/span><\/a><\/h5>\n<\/li>\n<li>\n<h5><a href=\"https:\/\/drive.google.com\/file\/d\/1nLdmPdAIAlFAZVhpODn0Vllp7NwAGn0H\/view?usp=sharing\" target=\"_blank\" rel=\"noopener\"><span style=\"color: #0000ff;\">No tengas miedo<\/span><\/a><\/h5>\n<\/li>\n<li>\n<h5><a href=\"https:\/\/drive.google.com\/file\/d\/1HdC25wEih_9DFyW6-ukaWZLU00hmQYbP\/view?usp=sharing\" target=\"_blank\" rel=\"noopener\"><span style=\"color: #0000ff;\">Vuelta a la actividad<\/span><\/a><\/h5>\n<\/li>\n<\/ul>\n<h5><\/h5>\n<h4><span style=\"color: #ff00ff;\"><strong>10. Docente Coordinadora: HOFEREK, Carolina Mariela<\/strong><\/span><\/h4>\n<h5><strong>Unidad Curricular: <\/strong><em>RESIDENCIA PEDAG\u00d3GICA I &#8211; PROFESORADO DE EDUCACI\u00d3N SUPERIOR EN ARTES VISUALES CON ORIENTACI\u00d3N EN PINTURA<\/em><\/h5>\n<ul>\n<li>\n<h5><a href=\"https:\/\/drive.google.com\/file\/d\/1E9aSotj2sQ-iabwbWHcHWXaE2fLi017k\/view?usp=sharing\" target=\"_blank\" rel=\"noopener\"><span style=\"color: #0000ff;\">Una Noche en el Museo en Pandemia<\/span><\/a><\/h5>\n<\/li>\n<\/ul>\n<h4><span style=\"color: #ff00ff;\"><strong>11. Docente Coordinadora: LOVEY, Eliana Mariela<\/strong><\/span><\/h4>\n<h4><strong>Unidad Curricular: <\/strong><em>RESIDENCIA PEDAG\u00d3GICA &#8211; PROFESORADO DE EDUCACI\u00d3N PRIMARIA<\/em><\/h4>\n<ul>\n<li>\n<h5><a href=\"https:\/\/drive.google.com\/file\/d\/1orFuq-kSqfbOxVNkcb2XvjyWiUNGYEfi\/view?usp=sharing\" target=\"_blank\" rel=\"noopener\"><span style=\"color: #0000ff;\">Distanciamiento y medidas de Higiene dentro del aula<\/span><\/a><\/h5>\n<\/li>\n<li>\n<h5><a href=\"https:\/\/drive.google.com\/file\/d\/1O9JAiNacsYG4anS1xK6bygcb5wGIX09U\/view?usp=sharing\" target=\"_blank\" rel=\"noopener\"><span style=\"color: #0000ff;\">Coronavirus: \u00bfNos seguimos cuidando?<\/span><\/a><\/h5>\n<\/li>\n<\/ul>\n<h4><span style=\"color: #ff00ff;\"><strong>12. Docente Coordinador: MARTIN, Jos\u00e9 Alberto<\/strong><\/span><\/h4>\n<h5><strong>Unidad Curricular: <\/strong><em>RESIDENCIA PEDAG\u00d3GICA I &#8211; PROFESORADO DE EDUCACI\u00d3N SUPERIOR EN EDUCACI\u00d3N F\u00cdSICA<\/em><\/h5>\n<ul>\n<li>\n<h5><a href=\"https:\/\/drive.google.com\/file\/d\/1iTNq3mFVL2r3sks_aEiJ-2MYxPldflu1\/view?usp=sharing\" target=\"_blank\" rel=\"noopener\"><span style=\"color: #0000ff;\">Entrevista 1 Hospital<\/span><\/a><\/h5>\n<\/li>\n<li>\n<h5><a href=\"https:\/\/drive.google.com\/file\/d\/1RSllSp9IEc4JrxPryuvgGLiCqNbyeG7R\/view?usp=sharing\" target=\"_blank\" rel=\"noopener\"><span style=\"color: #0000ff;\">Entrevista 2 Hospital<\/span><\/a><\/h5>\n<\/li>\n<li>\n<h5><a href=\"https:\/\/drive.google.com\/file\/d\/1x8GdErbHpFIFGOYs8rs6GY1vWXov83Z7\/view?usp=sharing\" target=\"_blank\" rel=\"noopener\"><span style=\"color: #0000ff;\">Entrevista 3 Hospital<\/span><\/a><\/h5>\n<\/li>\n<li>\n<h5><a href=\"https:\/\/drive.google.com\/file\/d\/1e3jRPIQB7zJ8l6FZMPk43-UIF_6OCwoL\/view?usp=sharing\" target=\"_blank\" rel=\"noopener\"><span style=\"color: #0000ff;\">Medidas preventivas gimnasio<\/span><\/a><\/h5>\n<\/li>\n<li>\n<h5><a href=\"https:\/\/drive.google.com\/file\/d\/1b3ugrihska_dRwiFcJHWdQQcDjYcH0v8\/view?usp=sharing\" target=\"_blank\" rel=\"noopener\"><span style=\"color: #0000ff;\">Saber para prevenir contagios<\/span><\/a><\/h5>\n<\/li>\n<\/ul>\n<h4><span style=\"color: #ff00ff;\"><strong>13. Docente Coordinadora: PAEZ, Gricelda Noem\u00ed<\/strong><\/span><\/h4>\n<h5><strong>Unidad Curricular: <\/strong><em>PRACTICA DOCENTE III &#8211; PROFESORADO PARA LA EDUCACI\u00d3N SECUNDARIA EN FISICA<\/em><\/h5>\n<ul>\n<li>\n<h5><a href=\"https:\/\/drive.google.com\/file\/d\/1Fv5VVToLGKDmOwZvI43BmaN8n6fzjkEO\/view?usp=sharing\" target=\"_blank\" rel=\"noopener\"><span style=\"color: #0000ff;\">La vacuna eres t\u00fa<\/span><\/a><\/h5>\n<\/li>\n<li>\n<h5><a href=\"https:\/\/drive.google.com\/file\/d\/1xSKJq-9R0w5qJOs2XS9KpuY2xsia5lL9\/view?usp=sharing\" target=\"_blank\" rel=\"noopener\"><span style=\"color: #0000ff;\">Nuevos h\u00e1bitos 2020<\/span><\/a><\/h5>\n<\/li>\n<\/ul>\n<h4><span style=\"color: #ff00ff;\"><strong>14. Docente Coordinadora: RUDAZ, Eliana Evangelina<\/strong><\/span><\/h4>\n<h5><strong>Unidad Curricular: <\/strong><em>RESIDENCIA PEDAG\u00d3GICA &#8211; PROFESORADO DE EDUCACI\u00d3N PRIMARIA<\/em><\/h5>\n<ul>\n<li>\n<h5><a href=\"https:\/\/drive.google.com\/file\/d\/1C_9jiv2pw2gPOSr1iM-sujuTFY6swtQ6\/view?usp=sharing\" target=\"_blank\" rel=\"noopener\"><span style=\"color: #0000ff;\">A todos nos puede pasar<\/span><\/a><\/h5>\n<\/li>\n<li>\n<h5><a href=\"https:\/\/drive.google.com\/file\/d\/1GkzNoRSPlJYa0kb5TJkXBSCLyuu_zMK7\/view?usp=sharing\" target=\"_blank\" rel=\"noopener\"><span style=\"color: #0000ff;\">Comprando en una tienda<\/span><\/a><\/h5>\n<\/li>\n<li>\n<h5><a href=\"https:\/\/drive.google.com\/file\/d\/1VsTJrC77VCtPeKoFpMjFFzEQ9db3IJ-C\/view?usp=sharing\" target=\"_blank\" rel=\"noopener\"><span style=\"color: #0000ff;\">Desaf\u00edos de la Educaci\u00f3n Virtual<\/span><\/a><\/h5>\n<\/li>\n<\/ul>\n<h4><span style=\"color: #ff00ff;\"><strong>15. Docente Coordinadora: SAUX, Evaristo de Jes\u00fas<\/strong><\/span><\/h4>\n<h5><strong>Unidad Curricular: <\/strong><em>RESIDENCIA PEDAG\u00d3GICA &#8211; PROFESORADO PARA LA EDUCACI\u00d3N SECUNDARIA EN QU\u00cdMICA<\/em><\/h5>\n<ul>\n<li>\n<h5><a href=\"https:\/\/drive.google.com\/file\/d\/1BJMEQmpHAQ-w2x11ePU5UY32Zh0vdnrf\/view?usp=sharing\" target=\"_blank\" rel=\"noopener\"><span style=\"color: #0000ff;\">Lavado de manos 2<\/span><\/a><\/h5>\n<\/li>\n<li>\n<h5><a href=\"https:\/\/drive.google.com\/file\/d\/1_q6MNoY0lSKUrUYKXSd2ChawfD9iXERh\/view?usp=sharing\" target=\"_blank\" rel=\"noopener\"><span style=\"color: #0000ff;\">Lavado de manos 1<\/span><\/a><\/h5>\n<\/li>\n<\/ul>\n","protected":false},"excerpt":{"rendered":"<p>CLASES ESPECIALES 2021 PROYECTO CUIDARNOS ENTRE TODOS Estudiantes de las diferentes carreas que se dictan en el I. E. S. \u00abJ. J. G. PISARELLO\u00bb, en el marco del Proyecto \u00abCUIDARNOS ENTRE TODOS\u00bb elaboraron videos educativos a fin de crear conciencia respecto de la problem\u00e1tica del COVID-19. 1. Docente Coordinadora: ALERICH, Eva Unidad Curricular: PR\u00c1CTICA DOCENTE &#8230; <a title=\"CLASES Y VIDEOS COVID-19\" class=\"read-more\" href=\"https:\/\/insquitilipi-cha.infd.edu.ar\/sitio\/covid-19\/\" aria-label=\"More on CLASES Y VIDEOS COVID-19\">[+]<\/a><\/p>\n","protected":false},"author":921,"featured_media":0,"parent":0,"menu_order":0,"comment_status":"closed","ping_status":"closed","template":"","meta":[],"acf":[],"_links":{"self":[{"href":"https:\/\/insquitilipi-cha.infd.edu.ar\/sitio\/wp-json\/wp\/v2\/pages\/939"}],"collection":[{"href":"https:\/\/insquitilipi-cha.infd.edu.ar\/sitio\/wp-json\/wp\/v2\/pages"}],"about":[{"href":"https:\/\/insquitilipi-cha.infd.edu.ar\/sitio\/wp-json\/wp\/v2\/types\/page"}],"author":[{"embeddable":true,"href":"https:\/\/insquitilipi-cha.infd.edu.ar\/sitio\/wp-json\/wp\/v2\/users\/921"}],"replies":[{"embeddable":true,"href":"https:\/\/insquitilipi-cha.infd.edu.ar\/sitio\/wp-json\/wp\/v2\/comments?post=939"}],"version-history":[{"count":36,"href":"https:\/\/insquitilipi-cha.infd.edu.ar\/sitio\/wp-json\/wp\/v2\/pages\/939\/revisions"}],"predecessor-version":[{"id":2505,"href":"https:\/\/insquitilipi-cha.infd.edu.ar\/sitio\/wp-json\/wp\/v2\/pages\/939\/revisions\/2505"}],"wp:attachment":[{"href":"https:\/\/insquitilipi-cha.infd.edu.ar\/sitio\/wp-json\/wp\/v2\/media?parent=939"}],"curies":[{"name":"wp","href":"https:\/\/api.w.org\/{rel}","templated":true}]}}